factor of 297 and g?
27
Let p be (15/(-210)*77)/(585/(-582) + 1). What is the highest common factor of p and 1552?
97
Let h(g) = 174*g - 3. Let s be h(2). Let i(y) = y**3 - 263*y**2 + 837*y - 14805. Let z be i(260). What is the highest common factor of s and z?
15
Suppose -9*f = 18 + 216. Let q(b) = b**2 + 15*b + 22. Let m be q(f). Suppose 0 = 13*t + t - m. What is the highest common factor of t and 11?
11
Let o be 39 + 88/8 - 12. What is the greatest common divisor of o and 5282?
38
Let x(w) = 18 - 47 - w**2 + 15 + 12*w. Let y be x(7). Let l(u) = -u**3 + 7*u**2 - 5*u - 4. Let p be l(5). Calculate the highest common divisor of p and y.
21
Suppose -810*o = -816*o + 54. Suppose d = -4*d + 65. Let p = d - o. Calculate the highest common divisor of p and 12.
4
Let t = 14976 + -14762. What is the highest common divisor of t and 20758?
214
Let f = 40 - 35. Suppose -4*m + f*s + 36 + 27 = 0, 0 = 4*s - 4. Calculate the greatest common divisor of m and 119.
17
Suppose 0 = -12*p + 133 - 1. Let w = -12 + 78. Let h = w - -33. What is the greatest common divisor of h and p?
11
Suppose 0 = a + 33 - 38. Suppose -g = -a*d - 149, 4*d + 0*g + 2*g = -108. Let i = d - -61. What is the greatest common divisor of i and 64?
32
Let b = 1478 + -1393. What is the highest common divisor of 340 and b?
85
Let t(d) be the third derivative of -209*d**6/120 + d**4/4 + d**3 - 29*d**2. Let w be t(-1). Calculate the highest common divisor of 19 and w.
19
Let y be (8/(-6))/(9/(-54)). Let i be -4*((-6)/y)/1. Suppose 2*v - 13 = -i. What is the greatest common divisor of v and 95?
5
Let s(j) = 10*j + 1. Let w be s(-7). Let x(v) = 2*v**3 + 51*v**2 - 30*v - 138. Let l be x(-26). Let i = l - w. Calculate the highest common divisor of i and 5.
5
Let r(c) = 6*c - 113. Let y be r(-16). Let v = y - -245. What is the highest common divisor of 27 and v?
9
Let d = 2279 + -2004. Calculate the highest common factor of 200 and d.
25
Suppose 10*l + 205 = -5*f + 8*l, 3*f + 2*l + 119 = 0. Let z = -68 + 156. Let g = f + z. What is the greatest common factor of 18 and g?
9
Suppose 5*u = -3*h + 53950, -17*h + u - 71922 = -21*h. What is the highest common factor of h and 62?
62
Let p = -2097 + 2163. Suppose n - 56 = -n + 4*q, 5*n + 4*q - 112 = 0. Suppose 0 = 5*k - p - n. Calculate the highest common divisor of 144 and k.
18
Suppose 10*l - 1334 = -4. Suppose -4*r = -5*x - 107, x + 72 = 3*r - 0*x. Suppose -r = 5*k - l. Calculate the highest common factor of 154 and k.
22
Let h = -5913 - -5937. Let b(x) = 10*x - 4. Suppose g - 16 = -3*g. Let t be b(g). Calculate the greatest common factor of h and t.
12
Suppose -2*x + 4 = -l - 7*x, -x = -5. Let g = 31 + l. Suppose 3*n = -g*d + 32, 0*d + 4*d = 16. Calculate the greatest common divisor of 12 and n.
4
Let t(n) = n**3 + n**2 - 10*n + 5. Suppose -5 = 460*o - 461*o. Let r be t(o). Calculate the greatest common divisor of r and 30.
15
Let z be (-96)/40*20*-2. What is the highest common divisor of 9216 and z?
96
Let m(a) be the third derivative of 3*a**6/20 - a**5/20 + a**4/8 - a**3/2 + 27*a**2. Let y be m(2). What is the greatest common factor of 15 and y?
15
Suppose -3 = x, 91*a + 96 = 94*a + 5*x. Calculate the greatest common divisor of a and 1517.
37
Let o(x) = -x**3 + 7*x**2 + 158*x + 49. Let h be o(16). Calculate the highest common factor of 182 and h.
91
Let l be 9 + -3 + -1 - -1 - -189. Let h(y) = 11*y + 13. Let o be h(13). What is the highest common divisor of l and o?
39
Let p(h) = 86*h**2 + 3*h - 4. Let l(c) = -29*c**2 - c + 1. Let j(s) = 8*l(s) + 3*p(s). Let n be j(-2). Calculate the greatest common divisor of n and 2.
2
Let j(p) = p**3 + 11*p**2 - 34*p - 36. Let n be j(-13). Suppose -n*k + 70*k - 60 = 0. What is the highest common divisor of k and 15?
15
Let v be (-1348)/(-10) + ((-12)/(-15))/4. What is the greatest common divisor of v and 480?
15
Suppose -351 = 7*b + 510. Let t = 135 + b. Let s be 110*(2 - 1) - 2. What is the greatest common factor of t and s?
12
Let o(p) = -p**3 + 64*p**2 + 119*p + 899. Let g be o(66). Calculate the highest common factor of 3198 and g.
41
Let j(s) = s**3 - 46*s**2 + 91*s + 75. Let p be j(44). Calculate the highest common divisor of p and 3381.
69
Let j = -115470 - -115478. Suppose 2*s - 152 = -d, -2*d = -5*s + 111 + 269. Calculate the highest common divisor of j and s.
4
Let s be -6*(3 + (-4)/((-12)/(-41))). Suppose 15 = k + 4*n, 11 + 13 = 5*k + 3*n. Suppose 16 = k*j + j. What is the greatest common factor of j and s?
4
Let f = -15694 + 15764. What is the greatest common factor of f and 1330?
70
Let s be (1 + -2)*(-14 - 583). Let w = s + -405. Calculate the highest common divisor of w and 64.
64
Let t be 58/(-319) + 524/(-22). Let y be 155/4 + (-6)/t. Let r = 42 - y. Calculate the highest common divisor of r and 3.
3
Suppose 3*w - 1629 = -5*n, -6*w + 539 = -5*w + 3*n. Suppose 44 = -w*o + 549*o. Calculate the greatest common factor of 4 and o.
4
Let m = -22794 + 30142. Calculate the greatest common factor of 396 and m.
44
Suppose 2*l + 111 = 3*v, 3 = -2*v + 5. Let o be (36/l)/((-1)/54). Calculate the highest common divisor of 60 and o.
12
Let u = -6499 + 6532. Calculate the greatest common factor of 375 and u.
3
Suppose 102*t = 334*t - 12064. Calculate the greatest common divisor of 26884 and t.
52
Let a be (-3)/1*-11 - (3/(-1) + 0). What is the highest common factor of a and 4212?
36
Let h(m) = 2*m**3 + 23*m**2 + 26*m - 26. Let z be h(-10). Suppose 2*r = u - 84 - 18, -4*u = -2*r - 396. Calculate the greatest common factor of u and z.
14
Let w(i) = -5*i - 1. Let m be w(-1). Suppose -3*a - m*a - 1365 = 0. Let v = 285 + a. Calculate the highest common factor of v and 10.
10
Suppose 0 = -4*x - 260 - 212. Suppose -2*f + 210 + 44 = 2*a, -4 = 2*f. Let y = x + a. What is the highest common divisor of 55 and y?
11
Suppose 51*y - 46*y + 15 = 0, 3*z - 54 = 5*y. Calculate the highest common factor of 858 and z.
13
Suppose -15 = -28*z + 23*z, -2786 = -2*i - 2*z. Calculate the highest common divisor of 10 and i.
10
Let u = -10 + 44. Suppose 59*v - 62*v - 177 = -3*m, -518 = -10*m + v. Calculate the highest common divisor of m and u.
17
Let p(c) = 25*c**3 - 3*c**2 + 1. Let l be p(2). Suppose -703 + 55 = -24*k. Calculate the highest common factor of k and l.
27
Let m(u) = -9*u + 16 + 4*u + 12 - 10 + 25. Let g be m(-11). Calculate the greatest common divisor of 14 and g.
14
Suppose 2252 = 39*a - 2107 + 264. Calculate the greatest common factor of a and 1005.
15
Let y = 574 - 548. Let x be 530/16 + y/(-208). Calculate the highest common factor of 297 and x.
33
Let w(v) = v**3 - 76*v**2 + 96*v + 857. Let d be w(75). Calculate the highest common factor of d and 128.
128
Suppose -243*r - 2*q + 688 = -239*r, -2*q - 332 = -2*r. Calculate the greatest common divisor of r and 25670.
170
Let j be 642 + 3/(-9) + 100/30. Let a = 701 - j. Let u = -20 + 28. What is the greatest common factor of u and a?
8
Let a be (96/(-320) - (-8)/10)*20. Suppose -288 = 2*l - a*l. Calculate the highest common factor of 84 and l.
12
Suppose -13*f - 1205 - 3403 = -45*f. Calculate the highest common divisor of 10 and f.
2
Suppose 365 + 166 = 9*c. Let m = -6 + c. Let k = m + -26. What is the highest common divisor of k and 108?
27
Let l(f) = 2*f**2 - 6*f + 6. Let m be l(1). Suppose -2*n - m*n + 96 = 4*z, n + 4*z = 24. Calculate the greatest common divisor of n and 88.
8
Suppose 8*f + 1896 = 48360. Calculate the greatest common factor of f and 144.
48
Let d = -253 - -367. Let j = 463 - 313. Let l be 1 + (3/(-3))/((-2)/j). What is the greatest common factor of l and d?
38
Let h(u) = 23*u**2 - 315*u - 102. Let t be h(24). What is the highest common divisor of 70 and t?
14
Let g(w) = 272*w**2 + 68*w - 68. Let f be g(1). What is the greatest common factor of 374 and f?
34
Suppose 5*p - 5*f = 20, f = 4 - 5. Suppose 0 = -b + 7 - p. Suppose -i - 4*w + 54 = 0, 5*i - 222 = -8*w + b*w. Calculate the greatest common factor of i and 14.
14
Suppose -t = -3*t + 4*h + 18, 5*t + h = 100. Calculate the greatest common factor of 475 and t.
19
Let r(a) = 64 - 64 - 3*a + 2*a. Let c be r(-16). Let v(h) = h**2 - 22*h + 5. Let t be v(25). Calculate the highest common divisor of t and c.
16
Let d = 327 - -4416. Let h be (4 - (6 - 3)) + d. Let g be h/44 + 0 - 4/(-22). Calculate the gre